 is the remainder when m is divided by p?
12
Let n(l) = -2*l**3 + 20*l**2 + 39*l + 66. Let w(i) = i**3 - 10*i**2 - 19*i - 33. Let k(s) = 3*n(s) + 5*w(s). What is the remainder when k(11) is divided by 26?
24
Let i be (102/(-68))/((-2)/4). What is the remainder when 352/24 + (-4)/(-36)*i is divided by 11?
4
Let o be -1 + 0 + ((-24)/(-2))/(-4). Calculate the remainder when (-6891)/(-27) - ((-34)/9 - o) is divided by 43.
40
Let d(h) = 9*h**2 - h**2 + 3 - h**3 + 3*h + 6 + 7*h**2. Let f be d(15). Suppose -2*q = -5*q + f. What is the remainder when 67 is divided by q?
13
Suppose 52 - 7 = 9*r. Suppose -3*t + r*t = -6, -4*s - 5*t + 89 = 0. Calculate the remainder when 103 is divided by s.
25
Calculate the remainder when 227 is divided by (-3)/(-2) - 4446/(-152)*2/1.
47
Calculate the remainder when (-1898)/(-12) + (1065/(-90))/71 is divided by 35.
18
Let l(p) = p + 2*p - p + 26. Suppose 12*v - 456 = -45*v. Calculate the remainder when l(v) is divided by 15.
12
Let f(o) = o**2 - 14*o + 2. Let u be f(14). Suppose -u*b = 0, -5*b = -4*h - 186 + 790. Calculate the remainder when h is divided by 52.
47
Let h = 29 + -15. Let b = -154 + 179. Calculate the remainder when b is divided by h.
11
Let s(u) = u**2 + 121*u + 3638. What is the remainder when s(-45) is divided by 64?
26
Calculate the remainder when -1 + -3 - (-5740)/41 is divided by (8/6 - 0)*15.
16
Let d(m) = -2*m - 18. Calculate the remainder when -3 - ((7 - 65) + -2) is divided by d(-11).
1
Let i(m) = 58*m**2 + 129*m + 789. What is the remainder when 6315 is divided by i(-6)?
6
Let n(q) = -5*q + 428. Suppose 60*h = 66*h. Calculate the remainder when n(h) is divided by 86.
84
Suppose -16 = 3*r + 59. Let k = -39 - r. Calculate the remainder when 83 is divided by (3 - 9)*k/4.
20
Let a = -2067 + 1237. Let h = -733 - a. Calculate the remainder when 200 is divided by h.
6
Let g(k) = -k**2 + 23*k + 23. Calculate the remainder when 268 is divided by g(0).
15
Let q(v) = 2953*v + 194954. Let w = 120 + 43. What is the remainder when w is divided by q(-66)?
51
Let d(w) = 721*w - 8641. What is the remainder when 758 is divided by d(13)?
26
Let r(s) = -9*s**2 + 50*s - 13. Let v be r(4). Suppose -v*w - 40 = -47*w. Calculate the remainder when 317 is divided by w.
7
Let w(n) = -38*n + 156. Let q be w(-23). Suppose 22*j - 290 = q. What is the remainder when 176 is divided by j?
56
Suppose -1464 = -3*b + 4*k, 0 = -5*b + 5*k - 794 + 3229. Calculate the remainder when b is divided by 95.
9
Let l be -6 + 6 + -183 + -3. Let j = -1 - l. Calculate the remainder when j is divided by 47.
44
Let k(z) = -z**3 + 50*z**2 + 2*z - 26. Calculate the remainder when 739 is divided by k(50).
73
Let f = 37 + -35. Let c(p) = -3*p**3 - 22 - 11*p**2 + 23*p + f*p**3 - 36*p. What is the remainder when c(-10) is divided by 3?
2
Let j(p) be the second derivative of p**3 + 7*p**2/2 - 8*p. Suppose 32 = 2*w - 4*y, -2*w - 27 = -4*w + 3*y. What is the remainder when j(w) is divided by 22?
21
Suppose -5*b = -5*i + 15, 0*i = -5*i + 2*b. Let h = 3512 - 3500. What is the remainder when (8/(-10))/(i/115) is divided by h?
10
Suppose 0*d - 4*j = -4*d + 220, 6 = 2*j. Suppose 52*m + 5*c = 51*m + 111, c = 1. Calculate the remainder when m is divided by d.
48
Suppose 1584 = -129*q + 153*q. Let h(z) = 21*z - 2. Let s be h(3). Let f = q - s. Calculate the remainder when 27 is divided by f.
2
Let p = 249 + -313. Calculate the remainder when 229 is divided by ((-59)/(-4))/((-16)/p).
52
Suppose -5*c - 30 = 0, -2*c + 126 = -12*i + 14*i. What is the remainder when 258 is divided by i?
51
Suppose 117*c + 611 - 1244 = 888. Suppose -3*a - 2*o = -o - 577, -585 = -3*a + 3*o. What is the remainder when a is divided by c?
11
Calculate the remainder when 27608/78 - (-1352)/26364 is divided by 174.
6
Calculate the remainder when 468 is divided by ((-988)/(-195))/(6/165) - (-1)/(-3).
51
Suppose -4*k = -4*b + 136, 2*k = -b + 14 + 5. Suppose -3*h = -2*m + 203, -m = -3*m - 2*h + 178. Calculate the remainder when m is divided by b.
7
Suppose -90 = -15*c + 1651 - 331. What is the remainder when 467 is divided by c?
91
Suppose 5*a - 7*a = -28. Suppose 6*v + 73 = -3*j + v, 47 = -2*j - 3*v. Let f = j + 24. What is the remainder when a is divided by f?
6
Suppose 270*o = 279*o - 207. Suppose 0*q + 6 = 3*q. Suppose 2*k - q - 22 = 0. Calculate the remainder when o is divided by k.
11
Let i(y) = 160*y + 575. What is the remainder when 632 is divided by i(-3)?
62
Let l(m) = 7*m - 95. Let i be l(14). Suppose -i*z + 4*x + 35 = 6*x, -19 = -2*z + 3*x. Calculate the remainder when 34 is divided by z.
1
Let t(g) = 14*g**3 - 5*g**2 + 4*g + 16. Let v(m) = m**2 - 2*m + 26. Calculate the remainder when t(3) is divided by v(0).
23
Let s = 10288 - 4680. Calculate the remainder when s is divided by 33.
31
Suppose 3*w + 12 = w. Let p be (2 + -5)/(w/200). What is the remainder when (-3)/(-3) - p/8*-2 is divided by 16?
10
Calculate the remainder when (76/(-5))/(16/(-8840)) is divided by 271.
268
Let m(x) = 13*x - 248. Let z be m(20). What is the remainder when 299 is divided by z/5*120/48?
5
Suppose -4*n + 136 = 4*c, -53 = 3*c - 5*c + 3*n. What is the remainder when ((-160)/(-72)*3/5)/((-24)/(-11664)) is divided by c?
28
Suppose -8*i + 4*i = -5*p + 15459, 3*i + 12366 = 4*p. What is the remainder when p is divided by 10?
7
Suppose 29*c = 593 + 190. Suppose -c*q + 15*q = -156. What is the remainder when 42 is divided by q?
3
Let b(z) = -2*z**2 + 20*z + 52. Let n be b(12). Calculate the remainder when 56 is divided by 19*(-4 - (-1 - n)).
18
Calculate the remainder when (-33)/22 + (-10527)/(-6) is divided by 32.
25
Suppose 6*n + 2*n = 2584. Let h = -256 + n. Calculate the remainder when h is divided by 5.
2
Let z = 4751 - 4674. What is the remainder when 302 is divided by z?
71
Let o = -3479 + 3489. Suppose -4*w + 15 + 97 = 0. Calculate the remainder when w is divided by o.
8
Suppose -5*h + 3 = 13, -4*h + 220 = 4*a. Calculate the remainder when 2049 is divided by a.
54
Let d(p) = p - 2. Suppose 0 = 2*m + 3*m - 45. What is the remainder when m is divided by d(3)?
0
Let v = 294 - 300. What is the remainder when 232 is divided by (198/30 + v)/(1/130)?
76
What is the remainder when 2049 is divided by (-1860)/(-682)*264/9?
49
Let x(m) = -15*m + 12*m - 19 + 3. What is the remainder when 162 is divided by x(-9)?
8
Suppose 5*h + 4*v = h - 64, 5*h + 3*v + 72 = 0. Let q be (h - -2)*(-1 - 0). Let s = q - -4. Calculate the remainder when 55 is divided by s.
13
Let q(c) = c**3 + 6*c**2 - 5*c - 3. What is the remainder when q(-6) is divided by (-2 + 36/21)/(10/(-560))?
11
Suppose 2*m + 3*m = -2*c + 3*m + 8994, -5*m = 0. Calculate the remainder when c is divided by 1495.
12
Let p = -203 + 205. Let i = 33 - 22. Suppose 2*q - 4*u = 5 + i, 0 = 2*q - 3*u - 13. Calculate the remainder when p is divided by q.
0
Suppose -y - 5*o = 31, 6*y + 5*o = y - 55. Let v = 27 + 48. What is the remainder when v is divided by (-111)/y + 3/6?
18
Let j be ((-15)/(-45))/(2/6). What is the remainder when j + (-18)/10 - 4809/(-105) is divided by 24?
21
Let j(y) = -3*y**2 + 14*y + 31. What is the remainder when 1327 is divided by j(3)?
39
Let o(y) = -6*y + 1. Let p = -8 + 2. What is the remainder when o(p) is divided by (-41)/(-3) - (-4)/(-6)?
11
Let x be 0 + -3 + (-5 - -8) + -1. What is the remainder when 238 is divided by 14 + (30 - 32)*(1 - x)?
8
Calculate the remainder when 1170 is divided by 1/((-984)/(-198) + -5)*13/(-39).
4
Suppose -p - 2*y = -26, 3*p - 9 = -4*y + 69. What is the remainder when 273 is divided by p?
13
Suppose 5*j = -2*n + 299, 3*n = j - 4*j + 183. Calculate the remainder when 465 is divided by j.
52
Let x(r) = r**2 + 4*r + 4. Let s be x(-2). Let i(w) = w**2 - 27. Let l be i(s). What is the remainder when (-68)/(-6)*(l/6)/(-3) is divided by 10?
7
Suppose 0 = a + 2*h + 2, 10*a - 12*a = -h - 16. What is the remainder when 5866 is divided by a?
4
Suppose -4402*z + 4378*z + 3864 = 0. Calculate the remainder when 284 is divided by z.
123
Let o = -33 - -40. Let c(f) = 3*f**2 - 9*f + 6. What is the remainder when o/(-14)*-4 + 1*31 is divided by c(4)?
15
Let c(k) = -k**3 - k**2 - 53*k - 306. Calculate the remainder when 367 is divided by c(-5).
13
Let y(l) = 6*l**2 - 302*l - 48. Calculate the remainder when 1380 is divided by y(5